{"id":2016,"date":"2024-04-08T13:59:01","date_gmt":"2024-04-08T11:59:01","guid":{"rendered":"https:\/\/perfectwoman.es\/?page_id=2016"},"modified":"2024-04-12T15:20:46","modified_gmt":"2024-04-12T13:20:46","slug":"peeling-carbon-activo","status":"publish","type":"page","link":"https:\/\/perfectwoman.es\/?page_id=2016","title":{"rendered":"Peeling carb\u00f3n activo"},"content":{"rendered":"\n<p class=\"animated backInDown fast has-palette-color-1-color has-text-color has-link-color has-large-font-size wp-elements-5f8381dd12a9f135673e1c4da7ce9696\"><span style=\"color: var(--theme-palette-color-1, #e08a7d);\" class=\"stk-highlight\">Devuelve la luminosidad natural de la piel<\/span><\/p>\n\n\n\n<div class=\"wp-block-stackable-columns stk-block-columns stk-block stk-ed13785\" data-block-id=\"ed13785\"><style>.stk-ed13785{padding-top:10px !important;padding-right:10px !important;padding-bottom:10px !important;padding-left:10px !important}<\/style><div class=\"stk-row stk-inner-blocks stk-block-content stk-content-align stk-ed13785-column\">\n<div class=\"wp-block-stackable-column stk-block-column stk-column stk-block stk-75f0bcc\" data-v=\"4\" data-block-id=\"75f0bcc\"><style>@media screen and (min-width:690px){.stk-75f0bcc{flex:var(--stk-flex-grow,1) 1 33.3% !important}}<\/style><div class=\"stk-column-wrapper stk-block-column__content stk-container stk-75f0bcc-container stk--no-background stk--no-padding\"><div class=\"stk-block-content stk-inner-blocks stk-75f0bcc-inner-blocks\">\n<figure class=\"wp-block-image size-full is-resized\"><img loading=\"lazy\" decoding=\"async\" width=\"605\" height=\"507\" src=\"https:\/\/perfectwoman.es\/wp-content\/uploads\/2024\/04\/carbon-ativo.jpg\" alt=\"\" class=\"wp-image-2046\" style=\"width:411px;height:auto\" srcset=\"https:\/\/perfectwoman.es\/wp-content\/uploads\/2024\/04\/carbon-ativo.jpg 605w, https:\/\/perfectwoman.es\/wp-content\/uploads\/2024\/04\/carbon-ativo-300x251.jpg 300w\" sizes=\"auto, (max-width: 605px) 100vw, 605px\" \/><\/figure>\n<\/div><\/div><\/div>\n\n\n\n<div class=\"wp-block-stackable-column stk-block-column stk-column stk-block stk-30f7046\" data-v=\"4\" data-block-id=\"30f7046\"><style>@media screen and (min-width:690px){.stk-30f7046{flex:var(--stk-flex-grow,1) 1 66.7% !important}}<\/style><div class=\"stk-column-wrapper stk-block-column__content stk-container stk-30f7046-container stk--no-background stk--no-padding\"><div class=\"stk-block-content stk-inner-blocks stk-30f7046-inner-blocks\">\n<h6 class=\"wp-block-heading has-medium-font-size\">Peeling carb\u00f3n activo  con neodimio<\/h6>\n\n\n\n<div class=\"wp-block-stackable-icon-list stk-block-icon-list stk-block stk-62bc0b9\" data-block-id=\"62bc0b9\"><svg style=\"display:none\"><defs><g id=\"stk-icon-list__icon-svg-def-62bc0b9\"><svg xmlns=\"http:\/\/www.w3.org\/2000\/svg\" viewBox=\"0 0 190 190\"><polygon points=\"173.8,28.4 60.4,141.8 15.7,97.2 5.1,107.8 60.4,163 184.4,39 173.8,28.4\"\/><\/svg><\/g><\/defs><\/svg><ul class=\"stk-block-icon-list__ul stk-block-icon-list--column\">\n<li class=\"wp-block-stackable-icon-list-item stk-block-icon-list-item stk-block stk-9c56b7c\" data-block-id=\"9c56b7c\"><div class=\"stk-block-icon-list-item__content\"><span class=\"stk--svg-wrapper\"><div class=\"stk--inner-svg\"><svg aria-hidden=\"true\" width=\"32\" height=\"32\"><use xlink:href=\"#stk-icon-list__icon-svg-def-62bc0b9\"><\/use><\/svg><\/div><\/span><span class=\"stk-block-icon-list-item__text\"><strong>Elimina impurezas<\/strong><\/span><\/div><\/li>\n\n\n\n<li class=\"wp-block-stackable-icon-list-item stk-block-icon-list-item stk-block stk-6335575\" data-block-id=\"6335575\"><div class=\"stk-block-icon-list-item__content\"><span class=\"stk--svg-wrapper\"><div class=\"stk--inner-svg\"><svg aria-hidden=\"true\" width=\"32\" height=\"32\"><use xlink:href=\"#stk-icon-list__icon-svg-def-62bc0b9\"><\/use><\/svg><\/div><\/span><span class=\"stk-block-icon-list-item__text\"> <strong>Reduce el tama\u00f1o de los poros<\/strong><\/span><\/div><\/li>\n\n\n\n<li class=\"wp-block-stackable-icon-list-item stk-block-icon-list-item stk-block stk-8d5ee5f\" data-block-id=\"8d5ee5f\"><div class=\"stk-block-icon-list-item__content\"><span class=\"stk--svg-wrapper\"><div class=\"stk--inner-svg\"><svg aria-hidden=\"true\" width=\"32\" height=\"32\"><use xlink:href=\"#stk-icon-list__icon-svg-def-62bc0b9\"><\/use><\/svg><\/div><\/span><span class=\"stk-block-icon-list-item__text\"><strong>Limpia la piel en profundidad y desinfecta, efecto antibacteriano, favorece la expulsi\u00f3n de toxinas, depura la piel dej\u00e1ndola limpia y suave<\/strong><\/span><\/div><\/li>\n\n\n\n<li class=\"wp-block-stackable-icon-list-item stk-block-icon-list-item stk-block stk-08e1c36\" data-block-id=\"08e1c36\"><div class=\"stk-block-icon-list-item__content\"><span class=\"stk--svg-wrapper\"><div class=\"stk--inner-svg\"><svg aria-hidden=\"true\" width=\"32\" height=\"32\"><use xlink:href=\"#stk-icon-list__icon-svg-def-62bc0b9\"><\/use><\/svg><\/div><\/span><span class=\"stk-block-icon-list-item__text\"><strong>Absorbe el exceso de cebo dejando la piel libre de impurezas, granitos y brillo<\/strong><\/span><\/div><\/li>\n\n\n\n<li class=\"wp-block-stackable-icon-list-item stk-block-icon-list-item stk-block stk-7c733ab\" data-block-id=\"7c733ab\"><div class=\"stk-block-icon-list-item__content\"><span class=\"stk--svg-wrapper\"><div class=\"stk--inner-svg\"><svg aria-hidden=\"true\" width=\"32\" height=\"32\"><use xlink:href=\"#stk-icon-list__icon-svg-def-62bc0b9\"><\/use><\/svg><\/div><\/span><span class=\"stk-block-icon-list-item__text\"><strong>Elimina acn\u00e9, ya que es rico en propiedades antibacterianas<\/strong><\/span><\/div><\/li>\n\n\n\n<li class=\"wp-block-stackable-icon-list-item stk-block-icon-list-item stk-block stk-0d3b534\" data-block-id=\"0d3b534\"><div class=\"stk-block-icon-list-item__content\"><span class=\"stk--svg-wrapper\"><div class=\"stk--inner-svg\"><svg aria-hidden=\"true\" width=\"32\" height=\"32\"><use xlink:href=\"#stk-icon-list__icon-svg-def-62bc0b9\"><\/use><\/svg><\/div><\/span><span class=\"stk-block-icon-list-item__text\"><strong>Ayuda a eliminar las c\u00e9lulas muertas dejando una piel mas fina, lo que permite la absorci\u00f3n  de nutrientes<\/strong><\/span><\/div><\/li>\n\n\n\n<li class=\"wp-block-stackable-icon-list-item stk-block-icon-list-item stk-block stk-ad1e3bb\" data-block-id=\"ad1e3bb\"><div class=\"stk-block-icon-list-item__content\"><span class=\"stk--svg-wrapper\"><div class=\"stk--inner-svg\"><svg aria-hidden=\"true\" width=\"32\" height=\"32\"><use xlink:href=\"#stk-icon-list__icon-svg-def-62bc0b9\"><\/use><\/svg><\/div><\/span><span class=\"stk-block-icon-list-item__text\"><strong>Al activar la circulaci\u00f3n sangu\u00ednea, ayuda a la reparaci\u00f3n del col\u00e1geno y la elastina<\/strong><\/span><\/div><\/li>\n<\/ul><\/div>\n<\/div><\/div><\/div>\n<\/div><\/div>\n\n\n\n<!--more Quieres saber m\u00e1s?-->\n\n\n\n<div class=\"wp-block-stackable-columns stk-block-columns stk-block stk-7f5a1ef\" data-block-id=\"7f5a1ef\"><div class=\"stk-row stk-inner-blocks stk-block-content stk-content-align stk-7f5a1ef-column\">\n<div class=\"wp-block-stackable-column stk-block-column stk-column stk-block stk-da7d247\" data-v=\"4\" data-block-id=\"da7d247\"><div class=\"stk-column-wrapper stk-block-column__content stk-container stk-da7d247-container stk--no-background stk--no-padding\"><div class=\"stk-block-content stk-inner-blocks stk-da7d247-inner-blocks\">\n<div class=\"wp-block-stackable-expand stk-block-expand stk-block stk-44f100e\" data-block-id=\"44f100e\"><div class=\"stk-inner-blocks stk-block-content\">\n<div class=\"wp-block-stackable-text stk-block-text stk-block stk-fa52295 stk-block-expand__short-text\" data-block-id=\"fa52295\"><style>.stk-fa52295 .stk-block-text__text{font-size:30px !important}@media screen and (max-width:999px){.stk-fa52295 .stk-block-text__text{font-size:30px !important}}<\/style><p class=\"stk-block-text__text\">\u00bfQu\u00e9 tipos de pieles podremos trabajar?<\/p><\/div>\n\n\n\n<div class=\"wp-block-stackable-button stk-block-button is-style-link stk-block-expand__show-button stk-block stk-443976b\" data-block-id=\"443976b\"><a aria-hidden=\"false\" role=\"button\" aria-expanded=\"false\" class=\"stk-link stk-button stk--hover-effect-darken\" href=\"#\"><span class=\"stk-button__inner-text\">Mostrar m\u00e1s<\/span><\/a><\/div>\n\n\n\n<div class=\"wp-block-stackable-text stk-block-text stk-block stk-d9757da stk-block-expand__more-text\" data-block-id=\"d9757da\"><style>.stk-d9757da .stk-block-text__text{font-size:15px !important}@media screen and (max-width:999px){.stk-d9757da .stk-block-text__text{font-size:15px !important}}<\/style><p class=\"stk-block-text__text\">Del fototipo I al V, siempre valorando el tipo de piel (pieles muy oscuras no)<\/p><\/div>\n\n\n\n<div class=\"wp-block-stackable-button stk-block-button is-style-link stk-block-expand__hide-button stk-block stk-ba58bf2\" data-block-id=\"ba58bf2\"><a aria-hidden=\"true\" role=\"button\" aria-expanded=\"true\" class=\"stk-link stk-button stk--hover-effect-darken\" href=\"#\"><span class=\"stk-button__inner-text\">Mostrar menos<\/span><\/a><\/div>\n<\/div><\/div>\n<\/div><\/div><\/div>\n\n\n\n<div class=\"wp-block-stackable-column stk-block-column stk-column stk-block stk-69e7b7e\" data-v=\"4\" data-block-id=\"69e7b7e\"><div class=\"stk-column-wrapper stk-block-column__content stk-container stk-69e7b7e-container stk--no-background stk--no-padding\"><div class=\"stk-block-content stk-inner-blocks stk-69e7b7e-inner-blocks\">\n<div class=\"wp-block-stackable-expand stk-block-expand stk-block stk-2db0e44\" data-block-id=\"2db0e44\"><div class=\"stk-inner-blocks stk-block-content\">\n<div class=\"wp-block-stackable-text stk-block-text stk-block stk-4d6f4d1 stk-block-expand__short-text\" data-block-id=\"4d6f4d1\"><style>.stk-4d6f4d1 .stk-block-text__text{font-size:30px !important}@media screen and (max-width:999px){.stk-4d6f4d1 .stk-block-text__text{font-size:30px !important}}<\/style><p class=\"stk-block-text__text\">\u00bfQu\u00e9 resultados obtendremos con el tratamiento de carb\u00f3n activo?<\/p><\/div>\n\n\n\n<div class=\"wp-block-stackable-button stk-block-button is-style-link stk-block-expand__show-button stk-block stk-ad70615\" data-block-id=\"ad70615\"><a aria-hidden=\"false\" role=\"button\" aria-expanded=\"false\" class=\"stk-link stk-button stk--hover-effect-darken\" href=\"#\"><span class=\"stk-button__inner-text\">Mostrar m\u00e1s<\/span><\/a><\/div>\n\n\n\n<div class=\"wp-block-stackable-text stk-block-text stk-block stk-7d3cfac stk-block-expand__more-text\" data-block-id=\"7d3cfac\"><style>.stk-7d3cfac .stk-block-text__text{font-size:15px !important}@media screen and (max-width:999px){.stk-7d3cfac .stk-block-text__text{font-size:15px !important}}<\/style><p class=\"stk-block-text__text\">&#8211; Elimina impurezas, reduce el tama\u00f1o de los poros.<br>&#8211; Limpia la piel en profundidad y desinfecta, efecto antibacteriano, favorece la expulsi\u00f3n de toxinas, depura la piel dej\u00e1ndola limpia y suave.<br>&#8211; Reduce la grasa, adem\u00e1s de limpiar y purificar, absorbe el exceso de sebo, piel libre de impurezas, granitos, brillos&#8230;<br>&#8211; Elimina acn\u00e9, al ser rico en propiedades antibacterianas y desinfectantes.<br>&#8211; Piel luminosa, tersa y firme, exfolia el rostro en profundidad y le devuelve su<br>Luminosidad natural, activando la circulaci\u00f3n sangu\u00ednea, ayudando a<\/p><\/div>\n\n\n\n<div class=\"wp-block-stackable-button stk-block-button is-style-link stk-block-expand__hide-button stk-block stk-236045c\" data-block-id=\"236045c\"><a aria-hidden=\"true\" role=\"button\" aria-expanded=\"true\" class=\"stk-link stk-button stk--hover-effect-darken\" href=\"#\"><span class=\"stk-button__inner-text\">Mostrar menos<\/span><\/a><\/div>\n<\/div><\/div>\n<\/div><\/div><\/div>\n<\/div><\/div>\n\n\n\n<div class=\"wp-block-stackable-columns stk-block-columns stk-block stk-e0b60f3\" data-block-id=\"e0b60f3\"><div class=\"stk-row stk-inner-blocks stk-block-content stk-content-align stk-e0b60f3-column\">\n<div class=\"wp-block-stackable-column stk-block-column stk-column stk-block stk-d60d462\" data-v=\"4\" data-block-id=\"d60d462\"><div class=\"stk-column-wrapper stk-block-column__content stk-container stk-d60d462-container stk--no-background stk--no-padding\"><div class=\"stk-block-content stk-inner-blocks stk-d60d462-inner-blocks\">\n<div class=\"wp-block-stackable-expand stk-block-expand stk-block stk-34e699a\" data-block-id=\"34e699a\"><div class=\"stk-inner-blocks stk-block-content\">\n<div class=\"wp-block-stackable-text stk-block-text stk-block stk-5fb353a stk-block-expand__short-text\" data-block-id=\"5fb353a\"><style>.stk-5fb353a .stk-block-text__text{font-size:30px !important}@media screen and (max-width:999px){.stk-5fb353a .stk-block-text__text{font-size:30px !important}}<\/style><p class=\"stk-block-text__text\">\u00bfQu\u00e9 beneficios nos proporciona?<\/p><\/div>\n\n\n\n<div class=\"wp-block-stackable-button stk-block-button is-style-link stk-block-expand__show-button stk-block stk-bd86501\" data-block-id=\"bd86501\"><a aria-hidden=\"false\" role=\"button\" aria-expanded=\"false\" class=\"stk-link stk-button stk--hover-effect-darken\" href=\"#\"><span class=\"stk-button__inner-text\">Mostrar m\u00e1s<\/span><\/a><\/div>\n\n\n\n<div class=\"wp-block-stackable-text stk-block-text stk-block stk-f2fa2ba stk-block-expand__more-text\" data-block-id=\"f2fa2ba\"><style>.stk-f2fa2ba .stk-block-text__text{font-size:15px !important}@media screen and (max-width:999px){.stk-f2fa2ba .stk-block-text__text{font-size:15px !important}}<\/style><p class=\"stk-block-text__text\">El peeling nos proporciona una piel m\u00e1s luminosa y limpia, ayuda a eliminar las c\u00e9lulas muertas, dejando la piel m\u00e1s suave y fina. El peeling nos ayuda m\u00e1s f\u00e1cilmente a cualquier penetraci\u00f3n de cualquier principio activo para mejorar resultados<\/p><\/div>\n\n\n\n<div class=\"wp-block-stackable-button stk-block-button is-style-link stk-block-expand__hide-button stk-block stk-0ed2ce6\" data-block-id=\"0ed2ce6\"><a aria-hidden=\"true\" role=\"button\" aria-expanded=\"true\" class=\"stk-link stk-button stk--hover-effect-darken\" href=\"#\"><span class=\"stk-button__inner-text\">Mostrar menos<\/span><\/a><\/div>\n<\/div><\/div>\n<\/div><\/div><\/div>\n\n\n\n<div class=\"wp-block-stackable-column stk-block-column stk-column stk-block stk-ce0ba49\" data-v=\"4\" data-block-id=\"ce0ba49\"><div class=\"stk-column-wrapper stk-block-column__content stk-container stk-ce0ba49-container stk--no-background stk--no-padding\"><div class=\"stk-block-content stk-inner-blocks stk-ce0ba49-inner-blocks\">\n<div class=\"wp-block-stackable-expand stk-block-expand stk-block stk-420788c\" data-block-id=\"420788c\"><div class=\"stk-inner-blocks stk-block-content\">\n<div class=\"wp-block-stackable-text stk-block-text stk-block stk-b855195 stk-block-expand__short-text\" data-block-id=\"b855195\"><style>.stk-b855195 .stk-block-text__text{font-size:30px !important}@media screen and (max-width:999px){.stk-b855195 .stk-block-text__text{font-size:30px !important}}<\/style><p class=\"stk-block-text__text\">\u00bfCu\u00e1nto dura el tratamiento?<\/p><\/div>\n\n\n\n<div class=\"wp-block-stackable-button stk-block-button is-style-link stk-block-expand__show-button stk-block stk-b639aa9\" data-block-id=\"b639aa9\"><a aria-hidden=\"false\" role=\"button\" aria-expanded=\"false\" class=\"stk-link stk-button stk--hover-effect-darken\" href=\"#\"><span class=\"stk-button__inner-text\">Mostrar m\u00e1s<\/span><\/a><\/div>\n\n\n\n<div class=\"wp-block-stackable-text stk-block-text stk-block stk-03f4535 stk-block-expand__more-text\" data-block-id=\"03f4535\"><style>.stk-03f4535 .stk-block-text__text{font-size:30px !important}@media screen and (max-width:999px){.stk-03f4535 .stk-block-text__text{font-size:30px !important}}<\/style><p class=\"stk-block-text__text\">&#8211; <\/p><\/div>\n\n\n\n<div class=\"wp-block-stackable-button stk-block-button is-style-link stk-block-expand__hide-button stk-block stk-feee4a2\" data-block-id=\"feee4a2\"><a aria-hidden=\"true\" role=\"button\" aria-expanded=\"true\" class=\"stk-link stk-button stk--hover-effect-darken\" href=\"#\"><span class=\"stk-button__inner-text\">Mostrar menos<\/span><\/a><\/div>\n<\/div><\/div>\n<\/div><\/div><\/div>\n<\/div><\/div>\n","protected":false},"excerpt":{"rendered":"<p>Devuelve la luminosidad natural de la piel Peeling carb\u00f3n activo con neodimio<\/p>\n","protected":false},"author":1,"featured_media":0,"parent":0,"menu_order":0,"comment_status":"closed","ping_status":"closed","template":"","meta":{"footnotes":""},"class_list":["post-2016","page","type-page","status-publish","hentry"],"blocksy_meta":[],"_links":{"self":[{"href":"https:\/\/perfectwoman.es\/index.php?rest_route=\/wp\/v2\/pages\/2016","targetHints":{"allow":["GET"]}}],"collection":[{"href":"https:\/\/perfectwoman.es\/index.php?rest_route=\/wp\/v2\/pages"}],"about":[{"href":"https:\/\/perfectwoman.es\/index.php?rest_route=\/wp\/v2\/types\/page"}],"author":[{"embeddable":true,"href":"https:\/\/perfectwoman.es\/index.php?rest_route=\/wp\/v2\/users\/1"}],"replies":[{"embeddable":true,"href":"https:\/\/perfectwoman.es\/index.php?rest_route=%2Fwp%2Fv2%2Fcomments&post=2016"}],"version-history":[{"count":10,"href":"https:\/\/perfectwoman.es\/index.php?rest_route=\/wp\/v2\/pages\/2016\/revisions"}],"predecessor-version":[{"id":2058,"href":"https:\/\/perfectwoman.es\/index.php?rest_route=\/wp\/v2\/pages\/2016\/revisions\/2058"}],"wp:attachment":[{"href":"https:\/\/perfectwoman.es\/index.php?rest_route=%2Fwp%2Fv2%2Fmedia&parent=2016"}],"curies":[{"name":"wp","href":"https:\/\/api.w.org\/{rel}","templated":true}]}}