{"id":1920,"date":"2024-03-15T11:54:13","date_gmt":"2024-03-15T10:54:13","guid":{"rendered":"https:\/\/perfectwoman.es\/?page_id=1920"},"modified":"2025-10-17T16:36:33","modified_gmt":"2025-10-17T14:36:33","slug":"ultima-generacion","status":"publish","type":"page","link":"https:\/\/perfectwoman.es\/?page_id=1920","title":{"rendered":"Ultima generaci\u00f3n"},"content":{"rendered":"\n<div class=\"wp-block-stackable-columns stk-block-columns stk-block stk-10ba47f\" data-block-id=\"10ba47f\"><div class=\"stk-row stk-inner-blocks stk-block-content stk-content-align stk-10ba47f-column\">\n<div class=\"wp-block-stackable-column stk-block-column stk-column stk-block stk-7b1b3cf\" data-v=\"4\" data-block-id=\"7b1b3cf\"><div class=\"stk-column-wrapper stk-block-column__content stk-container stk-7b1b3cf-container stk--no-background stk--no-padding\"><div class=\"stk-block-content stk-inner-blocks stk-7b1b3cf-inner-blocks\">\n<figure class=\"wp-block-image size-full\"><img loading=\"lazy\" decoding=\"async\" width=\"465\" height=\"405\" src=\"https:\/\/perfectwoman.es\/wp-content\/uploads\/2024\/03\/mesoject-gun-1.jpg\" alt=\"\" class=\"wp-image-1947\" srcset=\"https:\/\/perfectwoman.es\/wp-content\/uploads\/2024\/03\/mesoject-gun-1.jpg 465w, https:\/\/perfectwoman.es\/wp-content\/uploads\/2024\/03\/mesoject-gun-1-300x261.jpg 300w\" sizes=\"auto, (max-width: 465px) 100vw, 465px\" \/><\/figure>\n<\/div><\/div><\/div>\n\n\n\n<div class=\"wp-block-stackable-column stk-block-column stk-column stk-block stk-9c1c981\" data-v=\"4\" data-block-id=\"9c1c981\"><div class=\"stk-column-wrapper stk-block-column__content stk-container stk-9c1c981-container stk--no-background stk--no-padding\"><div class=\"stk-block-content stk-inner-blocks stk-9c1c981-inner-blocks\">\n<div class=\"wp-block-stackable-expand stk-block-expand stk-block stk-849916b\" data-block-id=\"849916b\"><div class=\"stk-inner-blocks stk-block-content\">\n<div class=\"wp-block-stackable-text stk-block-text stk-block stk-1f09e70 stk-block-expand__short-text\" aria-hidden=\"false\" data-block-id=\"1f09e70\"><style>.stk-1f09e70 .stk-block-text__text{color:var(--theme-palette-color-1, #d48074) !important;font-weight:bold !important;}<\/style><p class=\"stk-block-text__text has-text-color\">MESOTERAPIA NO INVASIVA                    70\u20ac<\/p><\/div>\n\n\n\n<div class=\"wp-block-stackable-button stk-block-button is-style-link stk-block-expand__show-button stk-block stk-301ba28\" data-block-id=\"301ba28\"><a aria-hidden=\"false\" role=\"button\" aria-expanded=\"false\" class=\"stk-link stk-button stk--hover-effect-darken\" href=\"#\"><span class=\"stk-button__inner-text\">Mostrar m\u00e1s<\/span><\/a><\/div>\n\n\n\n<div class=\"wp-block-stackable-text stk-block-text stk-block stk-760be9e stk-block-expand__more-text\" aria-hidden=\"true\" data-block-id=\"760be9e\"><p class=\"stk-block-text__text\">T\u00e9cnica indolora, proporciona resultados visibles y duraderos mejorando la hidrataci\u00f3n, unificando el tono y eliminando las imperfecciones de la piel<\/p><\/div>\n\n\n\n<div class=\"wp-block-stackable-button stk-block-button is-style-link stk-block-expand__hide-button stk-block stk-eed5186\" data-block-id=\"eed5186\"><a aria-hidden=\"true\" role=\"button\" aria-expanded=\"true\" class=\"stk-link stk-button stk--hover-effect-darken\" href=\"#\"><span class=\"stk-button__inner-text\">Mostrar menos<\/span><\/a><\/div>\n<\/div><\/div>\n<\/div><\/div><\/div>\n\n\n\n<div class=\"wp-block-stackable-column stk-block-column stk-column stk-block stk-f82f939\" data-v=\"4\" data-block-id=\"f82f939\"><div class=\"stk-column-wrapper stk-block-column__content stk-container stk-f82f939-container stk--no-background stk--no-padding\"><div class=\"stk-block-content stk-inner-blocks stk-f82f939-inner-blocks\">\n<div class=\"wp-block-stackable-expand stk-block-expand stk-block stk-6dae4ad\" data-block-id=\"6dae4ad\"><div class=\"stk-inner-blocks stk-block-content\">\n<div class=\"wp-block-stackable-text stk-block-text stk-block stk-a3f4189 stk-block-expand__short-text\" aria-hidden=\"false\" data-block-id=\"a3f4189\"><style>.stk-a3f4189 .stk-block-text__text{color:var(--theme-palette-color-1, #d48074) !important;font-weight:bold !important;}<\/style><p class=\"stk-block-text__text has-text-color\">HYALURON PEN                             90\u20ac sesi\u00f3n<\/p><\/div>\n\n\n\n<div class=\"wp-block-stackable-button stk-block-button is-style-link stk-block-expand__show-button stk-block stk-5d3eba4\" data-block-id=\"5d3eba4\"><a aria-hidden=\"false\" role=\"button\" aria-expanded=\"false\" class=\"stk-link stk-button stk--hover-effect-darken\" href=\"#\"><span class=\"stk-button__inner-text\">Mostrar m\u00e1s<\/span><\/a><\/div>\n\n\n\n<div class=\"wp-block-stackable-text stk-block-text stk-block stk-f9d1157 stk-block-expand__more-text\" aria-hidden=\"true\" data-block-id=\"f9d1157\"><p class=\"stk-block-text__text\">T\u00e9cnica en la cual realizamos un aumento de labios, elimina arrugas y estira mediante la aplicaci\u00f3n de \u00e1cido hialur\u00f3nico y vitaminas, indoloro, sin agujas.<\/p><\/div>\n\n\n\n<div class=\"wp-block-stackable-button stk-block-button is-style-link stk-block-expand__hide-button stk-block stk-17284a5\" data-block-id=\"17284a5\"><a aria-hidden=\"true\" role=\"button\" aria-expanded=\"true\" class=\"stk-link stk-button stk--hover-effect-darken\" href=\"#\"><span class=\"stk-button__inner-text\">Mostrar menos<\/span><\/a><\/div>\n<\/div><\/div>\n<\/div><\/div><\/div>\n<\/div><\/div>\n\n\n\n<div class=\"wp-block-stackable-columns stk-block-columns stk-block stk-582e148\" data-block-id=\"582e148\"><div class=\"stk-row stk-inner-blocks stk-block-content stk-content-align stk-582e148-column\">\n<div class=\"wp-block-stackable-column stk-block-column stk-column stk-block stk-6d25b80\" data-v=\"4\" data-block-id=\"6d25b80\"><div class=\"stk-column-wrapper stk-block-column__content stk-container stk-6d25b80-container stk--no-background stk--no-padding\"><div class=\"stk-block-content stk-inner-blocks stk-6d25b80-inner-blocks\">\n<div class=\"wp-block-stackable-expand stk-block-expand stk-block stk-1b501e2\" data-block-id=\"1b501e2\"><div class=\"stk-inner-blocks stk-block-content\">\n<div class=\"wp-block-stackable-text stk-block-text stk-block stk-0b0de75 stk-block-expand__short-text\" aria-hidden=\"false\" data-block-id=\"0b0de75\"><style>.stk-0b0de75 .stk-block-text__text{color:var(--theme-palette-color-1, #d48074) !important;font-weight:bold !important;}<\/style><p class=\"stk-block-text__text has-text-color\">DERMAPEN ~      bono 4 sesiones facial 240\u20ac<\/p><\/div>\n\n\n\n<div class=\"wp-block-stackable-button stk-block-button is-style-link stk-block-expand__show-button stk-block stk-4a2571e\" data-block-id=\"4a2571e\"><a aria-hidden=\"false\" role=\"button\" aria-expanded=\"false\" class=\"stk-link stk-button stk--hover-effect-darken\" href=\"#\"><span class=\"stk-button__inner-text\">Mostrar m\u00e1s<\/span><\/a><\/div>\n\n\n\n<div class=\"wp-block-stackable-text stk-block-text stk-block stk-f390e6f stk-block-expand__more-text\" aria-hidden=\"true\" data-block-id=\"f390e6f\"><p class=\"stk-block-text__text\">T\u00e9cnica de inducci\u00f3n de col\u00e1geno y elastina mediante un dispositivo con micro agujas, Elimina arrugas, poros abiertos, manchas y estr\u00edas<\/p><\/div>\n\n\n\n<div class=\"wp-block-stackable-button stk-block-button is-style-link stk-block-expand__hide-button stk-block stk-0cbc0b8\" data-block-id=\"0cbc0b8\"><a aria-hidden=\"true\" role=\"button\" aria-expanded=\"true\" class=\"stk-link stk-button stk--hover-effect-darken\" href=\"#\"><span class=\"stk-button__inner-text\">Mostrar menos<\/span><\/a><\/div>\n<\/div><\/div>\n<\/div><\/div><\/div>\n\n\n\n<div class=\"wp-block-stackable-column stk-block-column stk-column stk-block stk-1df9edd\" data-v=\"4\" data-block-id=\"1df9edd\"><div class=\"stk-column-wrapper stk-block-column__content stk-container stk-1df9edd-container stk--no-background stk--no-padding\"><div class=\"stk-block-content stk-inner-blocks stk-1df9edd-inner-blocks\">\n<figure class=\"wp-block-image size-full\"><img loading=\"lazy\" decoding=\"async\" width=\"465\" height=\"405\" src=\"https:\/\/perfectwoman.es\/wp-content\/uploads\/2024\/03\/mesoject-gun-2.jpg\" alt=\"\" class=\"wp-image-1949\" srcset=\"https:\/\/perfectwoman.es\/wp-content\/uploads\/2024\/03\/mesoject-gun-2.jpg 465w, https:\/\/perfectwoman.es\/wp-content\/uploads\/2024\/03\/mesoject-gun-2-300x261.jpg 300w\" sizes=\"auto, (max-width: 465px) 100vw, 465px\" \/><\/figure>\n<\/div><\/div><\/div>\n\n\n\n<div class=\"wp-block-stackable-column stk-block-column stk-column stk-block stk-7206614\" data-v=\"4\" data-block-id=\"7206614\"><div class=\"stk-column-wrapper stk-block-column__content stk-container stk-7206614-container stk--no-background stk--no-padding\"><div class=\"stk-block-content stk-inner-blocks stk-7206614-inner-blocks\">\n<div class=\"wp-block-stackable-expand stk-block-expand stk-block stk-391148e\" data-block-id=\"391148e\"><div class=\"stk-inner-blocks stk-block-content\">\n<div class=\"wp-block-stackable-text stk-block-text stk-block stk-f1b3b15 stk-block-expand__short-text\" aria-hidden=\"false\" data-block-id=\"f1b3b15\"><style>.stk-f1b3b15 .stk-block-text__text{color:var(--theme-palette-color-1, #d48074) !important;font-weight:bold !important;}<\/style><p class=\"stk-block-text__text has-text-color\">DEERMAPEN     1 sesi\u00f3n 80\u20ac<br>bono 4 sesiones corporal 280\u20ac.<\/p><\/div>\n\n\n\n<div class=\"wp-block-stackable-button stk-block-button is-style-link stk-block-expand__show-button stk-block stk-419d4ee\" data-block-id=\"419d4ee\"><a aria-hidden=\"false\" role=\"button\" aria-expanded=\"false\" class=\"stk-link stk-button stk--hover-effect-darken\" href=\"#\"><span class=\"stk-button__inner-text\">Mostrar m\u00e1s<\/span><\/a><\/div>\n\n\n\n<div class=\"wp-block-stackable-text stk-block-text stk-block stk-1d54381 stk-block-expand__more-text\" aria-hidden=\"true\" data-block-id=\"1d54381\"><p class=\"stk-block-text__text\">T\u00e9cnica de inducci\u00f3n de col\u00e1geno y elastina mediante un dispositivo con micro agujas, Elimina arrugas, poros abiertos, manchas y estr\u00edas<\/p><\/div>\n\n\n\n<div class=\"wp-block-stackable-button stk-block-button is-style-link stk-block-expand__hide-button stk-block stk-c083f6e\" data-block-id=\"c083f6e\"><a aria-hidden=\"true\" role=\"button\" aria-expanded=\"true\" class=\"stk-link stk-button stk--hover-effect-darken\" href=\"#\"><span class=\"stk-button__inner-text\">Mostrar menos<\/span><\/a><\/div>\n<\/div><\/div>\n<\/div><\/div><\/div>\n<\/div><\/div>\n\n\n\n<div class=\"wp-block-stackable-columns stk-block-columns stk-block stk-eb4d831\" data-block-id=\"eb4d831\"><div class=\"stk-row stk-inner-blocks stk-block-content stk-content-align stk-eb4d831-column\">\n<div class=\"wp-block-stackable-column stk-block-column stk-column stk-block stk-e755b31\" data-v=\"4\" data-block-id=\"e755b31\"><div class=\"stk-column-wrapper stk-block-column__content stk-container stk-e755b31-container stk--no-background stk--no-padding\"><div class=\"stk-block-content stk-inner-blocks stk-e755b31-inner-blocks\">\n<div class=\"wp-block-stackable-expand stk-block-expand stk-block stk-41098f7\" data-block-id=\"41098f7\"><div class=\"stk-inner-blocks stk-block-content\">\n<div class=\"wp-block-stackable-text stk-block-text stk-block stk-16cd5be stk-block-expand__short-text\" aria-hidden=\"false\" data-block-id=\"16cd5be\"><style>.stk-16cd5be .stk-block-text__text{color:var(--theme-palette-color-1, #d48074) !important;font-weight:bold !important;}<\/style><p class=\"stk-block-text__text has-text-color\">PLASMA LIFTING                    desde 55\u20ac<\/p><\/div>\n\n\n\n<div class=\"wp-block-stackable-button stk-block-button is-style-link stk-block-expand__show-button stk-block stk-d8d3359\" data-block-id=\"d8d3359\"><a aria-hidden=\"false\" role=\"button\" aria-expanded=\"false\" class=\"stk-link stk-button stk--hover-effect-darken\" href=\"#\"><span class=\"stk-button__inner-text\">Mostrar m\u00e1s<\/span><\/a><\/div>\n\n\n\n<div class=\"wp-block-stackable-text stk-block-text stk-block stk-4a0ab15 stk-block-expand__more-text\" aria-hidden=\"true\" data-block-id=\"4a0ab15\"><p class=\"stk-block-text__text\">Elimina el exceso de piel o arrugas, obteniendo resultados comparables a la cirug\u00eda est\u00e9tica pero siendo una terapia no invasiva<\/p><\/div>\n\n\n\n<div class=\"wp-block-stackable-button stk-block-button is-style-link stk-block-expand__hide-button stk-block stk-3f5a57f\" data-block-id=\"3f5a57f\"><a aria-hidden=\"true\" role=\"button\" aria-expanded=\"true\" class=\"stk-link stk-button stk--hover-effect-darken\" href=\"#\"><span class=\"stk-button__inner-text\">Mostrar menos<\/span><\/a><\/div>\n<\/div><\/div>\n<\/div><\/div><\/div>\n\n\n\n<div class=\"wp-block-stackable-column stk-block-column stk-column stk-block stk-7246e11\" data-v=\"4\" data-block-id=\"7246e11\"><div class=\"stk-column-wrapper stk-block-column__content stk-container stk-7246e11-container stk--no-background stk--no-padding\"><div class=\"stk-block-content stk-inner-blocks stk-7246e11-inner-blocks\">\n<div class=\"wp-block-stackable-expand stk-block-expand stk-block stk-859107d\" data-block-id=\"859107d\"><div class=\"stk-inner-blocks stk-block-content\">\n<div class=\"wp-block-stackable-text stk-block-text stk-block stk-c270e2b stk-block-expand__short-text\" aria-hidden=\"false\" data-block-id=\"c270e2b\"><style>.stk-c270e2b .stk-block-text__text{color:var(--theme-palette-color-1, #d48074) !important;font-weight:bold !important;}<\/style><p class=\"stk-block-text__text has-text-color\">BBGLOW                                sesi\u00f3n 75\u20ac  4 sesiones 240\u20ac<\/p><\/div>\n\n\n\n<div class=\"wp-block-stackable-button stk-block-button is-style-link stk-block-expand__show-button stk-block stk-696396d\" data-block-id=\"696396d\"><a aria-hidden=\"false\" role=\"button\" aria-expanded=\"false\" class=\"stk-link stk-button stk--hover-effect-darken\" href=\"#\"><span class=\"stk-button__inner-text\">Mostrar m\u00e1s<\/span><\/a><\/div>\n\n\n\n<div class=\"wp-block-stackable-text stk-block-text stk-block stk-41ee655 stk-block-expand__more-text\" aria-hidden=\"true\" data-block-id=\"41ee655\"><p class=\"stk-block-text__text\">Base de maquillaje semipermanente para una piel perfecta durante todo el a\u00f1o. Elimina manchas, poros abiertos, cicatrices de acn\u00e9, disminuye arrugas y l\u00edneas de expresi\u00f3n <\/p><\/div>\n\n\n\n<div class=\"wp-block-stackable-button stk-block-button is-style-link stk-block-expand__hide-button stk-block stk-75c8757\" data-block-id=\"75c8757\"><a aria-hidden=\"true\" role=\"button\" aria-expanded=\"true\" class=\"stk-link stk-button stk--hover-effect-darken\" href=\"#\"><span class=\"stk-button__inner-text\">Mostrar menos<\/span><\/a><\/div>\n<\/div><\/div>\n<\/div><\/div><\/div>\n\n\n\n<div class=\"wp-block-stackable-column stk-block-column stk-column stk-block stk-050e6cc\" data-v=\"4\" data-block-id=\"050e6cc\"><div class=\"stk-column-wrapper stk-block-column__content stk-container stk-050e6cc-container stk--no-background stk--no-padding\"><div class=\"stk-block-content stk-inner-blocks stk-050e6cc-inner-blocks\">\n<div class=\"wp-block-stackable-expand stk-block-expand stk-block stk-fa2dc8c\" data-block-id=\"fa2dc8c\"><div class=\"stk-inner-blocks stk-block-content\">\n<div class=\"wp-block-stackable-text stk-block-text stk-block stk-c6a5f12 stk-block-expand__short-text\" aria-hidden=\"false\" data-block-id=\"c6a5f12\"><style>.stk-c6a5f12 .stk-block-text__text{color:var(--theme-palette-color-1, #d48074) !important;font-weight:bold !important;}<\/style><p class=\"stk-block-text__text has-text-color\">GLOW LIPS                              sesi\u00f3n 75\u20ac<\/p><\/div>\n\n\n\n<div class=\"wp-block-stackable-button stk-block-button is-style-link stk-block-expand__show-button stk-block stk-0dc3242\" data-block-id=\"0dc3242\"><a aria-hidden=\"false\" role=\"button\" aria-expanded=\"false\" class=\"stk-link stk-button stk--hover-effect-darken\" href=\"#\"><span class=\"stk-button__inner-text\">Mostrar m\u00e1s<\/span><\/a><\/div>\n\n\n\n<div class=\"wp-block-stackable-text stk-block-text stk-block stk-762243d stk-block-expand__more-text\" aria-hidden=\"true\" data-block-id=\"762243d\"><p class=\"stk-block-text__text\">T\u00e9cnica de labios, donde la combinaci\u00f3n de hidrataci\u00f3n , color natural y brillo vienen de la mano. consigue labios bonitos y sensuales , pero a la vez muy naturales<\/p><\/div>\n\n\n\n<div class=\"wp-block-stackable-button stk-block-button is-style-link stk-block-expand__hide-button stk-block stk-d12f2ec\" data-block-id=\"d12f2ec\"><a aria-hidden=\"true\" role=\"button\" aria-expanded=\"true\" class=\"stk-link stk-button stk--hover-effect-darken\" href=\"#\"><span class=\"stk-button__inner-text\">Mostrar menos<\/span><\/a><\/div>\n<\/div><\/div>\n<\/div><\/div><\/div>\n<\/div><\/div>\n","protected":false},"excerpt":{"rendered":"<p>MESOTERAPIA NO INVASIVA 70\u20ac Mostrar m\u00e1s T\u00e9cnica indolora, proporciona resultados visibles y duraderos mejorando la hidrataci\u00f3n, unificando el tono y eliminando las imperfecciones de la piel Mostrar menos HYALURON PEN 90\u20ac sesi\u00f3n Mostrar m\u00e1s T\u00e9cnica en la cual realizamos un aumento de labios, elimina arrugas y estira mediante la aplicaci\u00f3n de \u00e1cido hialur\u00f3nico y vitaminas, [&hellip;]<\/p>\n","protected":false},"author":1,"featured_media":0,"parent":0,"menu_order":0,"comment_status":"closed","ping_status":"closed","template":"","meta":{"footnotes":""},"class_list":["post-1920","page","type-page","status-publish","hentry"],"blocksy_meta":[],"_links":{"self":[{"href":"https:\/\/perfectwoman.es\/index.php?rest_route=\/wp\/v2\/pages\/1920","targetHints":{"allow":["GET"]}}],"collection":[{"href":"https:\/\/perfectwoman.es\/index.php?rest_route=\/wp\/v2\/pages"}],"about":[{"href":"https:\/\/perfectwoman.es\/index.php?rest_route=\/wp\/v2\/types\/page"}],"author":[{"embeddable":true,"href":"https:\/\/perfectwoman.es\/index.php?rest_route=\/wp\/v2\/users\/1"}],"replies":[{"embeddable":true,"href":"https:\/\/perfectwoman.es\/index.php?rest_route=%2Fwp%2Fv2%2Fcomments&post=1920"}],"version-history":[{"count":17,"href":"https:\/\/perfectwoman.es\/index.php?rest_route=\/wp\/v2\/pages\/1920\/revisions"}],"predecessor-version":[{"id":2162,"href":"https:\/\/perfectwoman.es\/index.php?rest_route=\/wp\/v2\/pages\/1920\/revisions\/2162"}],"wp:attachment":[{"href":"https:\/\/perfectwoman.es\/index.php?rest_route=%2Fwp%2Fv2%2Fmedia&parent=1920"}],"curies":[{"name":"wp","href":"https:\/\/api.w.org\/{rel}","templated":true}]}}